 is divided by 1195?
374
What is the remainder when 2962163 is divided by 31?
20
What is the remainder when 7612437 is divided by 4032?
21
What is the remainder when 111885 is divided by 111273?
612
What is the remainder when 3292 is divided by 1406?
480
Calculate the remainder when 6417982 is divided by 803.
406
Calculate the remainder when 382933 is divided by 2766.
1225
What is the remainder when 150220 is divided by 4291?
35
Calculate the remainder when 343124561 is divided by 2582.
2581
Calculate the remainder when 305161 is divided by 695.
56
What is the remainder when 1744677 is divided by 1744677?
0
What is the remainder when 543777 is divided by 1599?
117
Calculate the remainder when 77172 is divided by 970.
542
What is the remainder when 5770377 is divided by 35?
32
Calculate the remainder when 34960 is divided by 328.
192
Calculate the remainder when 15389011 is divided by 1223.
2
What is the remainder when 97315934 is divided by 1351610?
14
Calculate the remainder when 451404 is divided by 75104.
780
Calculate the remainder when 3070695 is divided by 94.
91
What is the remainder when 85170 is divided by 12069?
687
What is the remainder when 25019883 is divided by 256?
235
What is the remainder when 2872468 is divided by 230?
228
What is the remainder when 1121236 is divided by 9422?
18
Calculate the remainder when 3526300 is divided by 853.
851
What is the remainder when 21876914 is divided by 7292303?
5
Calculate the remainder when 22835511 is divided by 252.
27
Calculate the remainder when 6783249 is divided by 46.
43
Calculate the remainder when 38848239 is divided by 69.
66
What is the remainder when 97042176 is divided by 2291?
2289
What is the remainder when 32905696 is divided by 5778?
5764
What is the remainder when 9697290 is divided by 1342?
1340
What is the remainder when 204014 is divided by 25458?
350
Calculate the remainder when 7093006 is divided by 2364318.
52
What is the remainder when 2266956 is divided by 1502?
438
Calculate the remainder when 115632009 is divided by 1262.
1259
Calculate the remainder when 15778122 is divided by 425.
422
Calculate the remainder when 4388354 is divided by 626858.
348
What is the remainder when 2175989 is divided by 135997?
37
Calculate the remainder when 164169 is divided by 2471.
1083
Calculate the remainder when 27546119 is divided by 5566.
5551
What is the remainder when 812101 is divided by 570?
421
Calculate the remainder when 2237054 is divided by 1204.
22
What is the remainder when 191419042 is divided by 4?
2
What is the remainder when 82670 is divided by 1878?
38
What is the remainder when 719563496 is divided by 436?
432
What is the remainder when 310721 is divided by 51785?
11
Calculate the remainder when 266570 is divided by 4841.
315
Calculate the remainder when 169659 is divided by 1542.
39
Calculate the remainder when 21813812 is divided by 189.
188
Calculate the remainder when 2422995 is divided by 807648.
51
Calculate the remainder when 4731299 is divided by 2481.
32
Calculate the remainder when 482576 is divided by 160521.
1013
What is the remainder when 1204507 is divided by 43018?
3
What is the remainder when 23148 is divided by 276?
240
What is the remainder when 41151 is divided by 6765?
561
Calculate the remainder when 12145740 is divided by 35205.
15
What is the remainder when 113469 is divided by 333?
249
Calculate the remainder when 185447 is divided by 10890.
317
What is the remainder when 57208969 is divided by 91?
90
What is the remainder when 12206 is divided by 194?
178
Calculate the remainder when 167955 is divided by 5086.
117
Calculate the remainder when 82383 is divided by 8222.
163
Calculate the remainder when 42379 is divided by 277.
275
Calculate the remainder when 198111 is divided by 63630.
7221
Calculate the remainder when 1097079 is divided by 382.
357
Calculate the remainder when 748416 is divided by 164.
84
What is the remainder when 498541 is divided by 265?
76
Calculate the remainder when 25791 is divided by 6847.
5250
What is the remainder when 2654403 is divided by 5329?
561
What is the remainder when 494027 is divided by 1669?
3
Calculate the remainder when 624683 is divided by 6244.
283
What is the remainder when 23296 is divided by 1741?
663
Calculate the remainder when 25195 is divided by 1949.
1807
Calculate the remainder when 329379 is divided by 9149.
15
Calculate the remainder when 8692229 is divided by 2076.
17
What is the remainder when 702409 is divided by 77?
15
Calculate the remainder when 4411817 is divided by 53149.
450
Calculate the remainder when 246904 is divided by 82229.
217
What is the remainder when 143613 is divided by 10982?
847
What is the remainder when 247103155 is divided by 4418?
4415
What is the remainder when 548711 is divided by 28?
23
What is the remainder when 4636634 is divided by 71332?
54
What is the remainder when 8491309 is divided by 553?
547
Calculate the remainder when 5816495 is divided by 1052.
1039
What is the remainder when 435086207 is divided by 36?
35
What is the remainder when 25992619 is divided by 356?
347
Calculate the remainder when 1410179 is divided by 1149.
356
Calculate the remainder when 1913680 is divided by 409.
378
Calculate the remainder when 166551 is divided by 33.
0
Calculate the remainder when 5836065 is divided by 5835967.
98
What is the remainder when 10953083 is divided by 45?
38
Calculate the remainder when 10828 is divided by 10796.
32
What is the remainder when 618656 is divided by 123621?
551
Calculate the remainder when 313388 is divided by 104460.
8
What is the remainder when 1719299 is divided by 44?
43
What is the remainder when 146774174 is divided by 8429?
8426
What is the remainder when 187800 is divided by 6953?
69
What is the remainder when 144767 is divided by 69072?
6623
What is the remainder when 31148 is divided by 30697?
451
What is the remainder when 1863778 is divided by 621255?
13
What is the remainder when 3090505890 is divided by 4763?
4762
What is the remainder when 15312 is divided by 447?
114
Calculate the remainder when 483825 is divided by 2007.
138
What is the remainder when 5178263 is divided by 84?
83
Calculate the remainder when 1609348 is divided by 833.
825
Calculate the remainder when 4343253 is divided by 48256.
213
What is the remainder when 5767104 is divided by 607?
604
What is the remainder when 247924 is divided by 18?
10
Calculate the remainder when 493466 is divided by 1547.
1520
Calculate the remainder when 511414 is divided by 42612.
70
Calculate the remainder when 8357106 is divided by 253.
10
Calculate the remainder when 918449 is divided by 1316.
1197
What is the remainder when 208399318 is divided by 120?
118
Calculate the remainder when 280198 is divided by 311.
298
What is the remainder when 23656 is divided by 7815?
211
What is the remainder when 2732506 is divided by 149?
144
Calculate the remainder when 2904982 is divided by 677.
652
Calculate the remainder when 14158772 is divided by 1675.
1672
Calculate the remainder when 112567532 is divided by 4.
0
What is the remainder when 3934427 is divided by 7555?
5827
What is the remainder when 559818 is divided by 557569?
2249
What is the remainder when 8332819 is divided by 448?
19
Calculate the remainder when 6329376 is divided by 79.
54
What is the remainder when 2087965 is divided by 37?
18
Calculate the remainder when 15329097 is divided by 235832.
17
What is the remainder when 2271242 is divided by 197?
29
Calculate the remainder when 3755709 is divided by 3737.
24
What is the remainder when 254424 is divided by 126613?
1198
Calculate the remainder when 106674 is divided by 10383.
2844
What is the remainder when 16801598 is divided by 8937?
38
Calculate the remainder when 196694 is divided by 4576.
4502
Calculate the remainder when 31008845 is divided by 15504405.
35
What is the remainder when 552305 is divided by 24?
17
What is the remainder when 2799653 is divided by 21?
17
What is the remainder when 805564 is divided by 40276?
44
What is the remainder when 3776477 is divided by 7568?
45
Calculate the remainder when 1161734 is divided by 11193.
8855
What is the remainder when 126597 is divided by 63293?
11
What is the remainder when 73498151 is divided by